et s(l) = -o(l) + t(l). List the prime factors of s(8).
2, 179
Let v be (-19 - -3)/(4/(-10) + 0). Suppose -v*p + 10584 = -31*p. List the prime factors of p.
2, 3, 7
Let n(s) = 4*s**2 + 156*s - 78. List the prime factors of n(53).
2, 11, 883
Let s(q) = q**3 + 9*q**2 + 4*q - 2. Let z be s(-4). Suppose z = 7*u - 197. Suppose -92 = -3*r + u. List the prime factors of r.
43
Let z(d) = 78*d + 200 - 9*d + 205 - 428. What are the prime factors of z(13)?
2, 19, 23
Let n be (-7490)/60 + (-1)/6. Let j = 35 + n. Let p = -66 - j. What are the prime factors of p?
2, 3
Let k(v) = -4*v + 4. Let m be k(2). Let g(x) = -x**2 - x + 14. Let b be g(m). Suppose -b*d = -4*p - 2, 3*d + 7*p - 3*p - 53 = 0. List the prime factors of d.
11
Let i(m) = m**3 + 45*m**2 + 5*m - 662. List the prime factors of i(-41).
5857
List the prime factors of 4/26 + 45255693/7592 + 3/(-24).
3, 1987
Let s(n) = -11 + n - n - 3*n + 0*n. Let v be s(-9). Suppose -y = 3*y - v, 3*l - 3*y = 186. List the prime factors of l.
2, 3, 11
Let k = 21138 + -9511. List the prime factors of k.
7, 11, 151
Suppose -4*v = -5*j - 155, -4*j = 4*v - 3*j - 185. Suppose 13*c = 17*c - 864. What are the prime factors of 36/v + c/5?
2, 11
Suppose 9*g + 5 = 5*d + 11*g, -2*g = 2*d - 2. Let o be (-15)/(-10)*(-8)/(-3). What are the prime factors of (o + d)*(-144)/(-15)?
2, 3
Let c = 3768 + 12035. List the prime factors of c.
15803
Let z = 4224 + 678. What are the prime factors of z?
2, 3, 19, 43
Let l be -43*8/((-4)/1). Suppose -92*t + 9324 = -l*t. What are the prime factors of t?
2, 3, 7, 37
Let h(p) = 2*p + 16. Let z be h(8). Let f = z - 23. Suppose -f*u + 4*u = -400. What are the prime factors of u?
2, 5
Let p = 13585 - 9396. List the prime factors of p.
59, 71
List the prime factors of 1 + -24 + 20 + 5360 + -1.
2, 13, 103
Suppose 0 = 7*v - 0*v - 77. Suppose -3663 = -0*d - v*d. List the prime factors of d.
3, 37
Suppose r + 51 = 2*k, -2*r = -0*k - 2*k + 52. Let s = 37 - k. Suppose 0 = 7*c - s*c + 40. What are the prime factors of c?
2
What are the prime factors of (-10 - -17) + -4 - (-22850)/4*2?
2, 2857
Suppose 74*d - 77*d = 225. What are the prime factors of (64/10)/((-6)/d)?
2, 5
Let u be ((-588)/(-8))/((-3)/(-2)). Suppose -u*s = -12046 - 16472. List the prime factors of s.
2, 3, 97
Let l(m) = -707*m - 4534. What are the prime factors of l(-47)?
3, 5, 1913
Let r = 861 - 576. Suppose 0 = -c + r - 14. What are the prime factors of c?
271
Let p = 93 + -108. Let k(i) = i**3 + 16*i**2 - 8*i - 27. Let v be k(p). Suppose -v + 1058 = 5*h - m, 573 = 4*h + 3*m. What are the prime factors of h?
3, 7
Let i be 0/(2 - (0 + 3) - 1). Suppose i = 5*g - g + 1156. Let r = -196 - g. What are the prime factors of r?
3, 31
What are the prime factors of 7 + (-19 + 12 - -2034)?
2, 3, 113
Let g = 2131 + -1507. Suppose 2*x - g = 1250. What are the prime factors of 14/(-77) + x/11?
5, 17
What are the prime factors of 556194/102 - (-2)/(-17)*-1?
7, 19, 41
Let z(r) = -2*r**3 + 15*r**2 + 2*r + 11. Let f = -29 - -38. Let j be ((-2)/6)/(f/(-189)). List the prime factors of z(j).
2, 37
Let w be ((-456)/16)/((-3)/(-4)). Let q = -38 - w. Suppose 3*f - 8*f + 65 = q. What are the prime factors of f?
13
Suppose 5*q + 9495 = 5*h, h + 4*q = 7*q + 1907. Suppose h = 11*p + 124. List the prime factors of p.
7, 23
What are the prime factors of 399/57 + (9 - -47255)?
3, 7, 2251
Suppose -73687 = -4*x - 2*v - 29861, -4*x + 2*v + 43846 = 0. List the prime factors of x.
3, 13, 281
Let d(b) = -b**2 + 16*b + 38. Let g be d(18). Suppose -12 = -g*x - 8. Suppose 2*l = 0, -3*k - x*k + 920 = -2*l. List the prime factors of k.
2, 23
Let z = -304 + 309. Suppose -3*a - z*a + 7608 = 0. What are the prime factors of a?
3, 317
Suppose 148475 + 10405 = 30*f. List the prime factors of f.
2, 331
Suppose v = -4*c + 122, -3*v - 2*v + 114 = 4*c. Suppose 0*f + f + c = -3*i, 5*f - 2*i + 104 = 0. Let h = 73 + f. What are the prime factors of h?
3, 17
Let p be (-5 - -4)/((-2)/2066). Suppose o + 4*l = 993, 9*o + p = 10*o - 4*l. What are the prime factors of o?
1013
Let j(u) = 0*u**2 - 17*u - 18 + 2*u**2 - 3*u**2. Let l be j(-12). Suppose -p = -4*p - 2*d + l, p + 2*d = 10. List the prime factors of p.
2
Let l(z) = -z**2 + 251*z + 405. List the prime factors of l(93).
3, 7, 719
Suppose 20 = r - 4*a + 4, 3*r + 2*a = 48. Suppose -r*s + 7*s = -16488. List the prime factors of s.
2, 229
What are the prime factors of (-4)/(-13) + (57554226/78)/27?
27329
Suppose 12*n - 3*n = 16299. Suppose 7655 - n = 6*m. List the prime factors of m.
2, 487
Let a = 0 - -4. Let g be (-1)/1 + a + (-2 - -1). Suppose 3*r + n = 106 + 119, 5*n - 163 = -g*r. List the prime factors of r.
2, 37
Let p(t) = 9*t - 69. Suppose 0 = -2*y - 5*y + 49. Let m be p(y). Let q(a) = a**3 + 10*a**2 - 18*a + 2. List the prime factors of q(m).
2, 127
Let h be (1338/(-15))/(24/(-300)). Suppose -2*g - 2*r = -3*g + h, 4*g - 3*r - 4470 = 0. What are the prime factors of g?
3, 373
Let i be ((-1)/3)/(1/(-6)). Suppose -4*m + 537 = i*c - 147, -4*c = -m + 171. Suppose 0 = 2*b + b - m. List the prime factors of b.
3, 19
Suppose -4*h - 74 = 3*s, 3*s + 2*h + 100 = -2*s. Let y be (-6)/2*4*(-15)/s. List the prime factors of (y/(-4) - 2)*(-4 + 54).
5
Suppose -213*b + 203*b - 80 = 0. What are the prime factors of (-10174)/b + (-120)/160?
31, 41
Let p(f) = -f**3 + 136*f**2 - 281*f + 111. List the prime factors of p(133).
5, 29, 109
Suppose -5*g + 25 = 0, 34*n - 4*g = 30*n - 5872. Let b = n - -2662. List the prime factors of b.
11, 109
Let f = 532 - 328. Suppose -f*q + 900 = -195*q. List the prime factors of q.
2, 5
What are the prime factors of 2278 + 77 + 2/2?
2, 19, 31
Suppose -9*v = 3*i - 4*v - 196, 0 = 5*v - 25. Suppose 65 = 2*a + d, -3*a + d = -28 - i. List the prime factors of a.
2, 3, 5
Let d(s) be the second derivative of 0 - 5/6*s**3 - 24*s + 1/20*s**5 - 5*s**2 + 11/6*s**4. List the prime factors of d(-22).
2, 5
Let q be (-2)/(2/(-27) + 0). What are the prime factors of (9/q)/((-3)/(-1269))?
3, 47
Let u(v) = 19*v**2 - v - 1. Let z be u(-1). Suppose 340 = 2*t + 7*s - 8*s, -3*s - 852 = -5*t. Let i = t - z. What are the prime factors of i?
149
List the prime factors of (((-315)/(-2))/(-15))/(3/(-1338)).
3, 7, 223
What are the prime factors of (-1028228)/(-85) - ((-144)/45 + 6/2)?
12097
Suppose q = 5*r - 99712, 29*r - 32*r + 59848 = 2*q. List the prime factors of r.
2, 3, 277
Suppose -4*k - k - 290 = w, -5*k + 5*w = 260. Let f = k + 59. Let a = 99 - f. List the prime factors of a.
97
Suppose -3*k + 5*t + 238 = 76, 3*k - 180 = -t. Let z(d) = 5*d**2 - 12*d + 3. Let m be z(5). Let u = m - k. What are the prime factors of u?
3
List the prime factors of (-8 + -5692)*(0/2 + 2/(-3)).
2, 5, 19
Let p = 56703 + -22263. List the prime factors of p.
2, 3, 5, 7, 41
Suppose 18*i - 15*i + 177 = 0. Let m = 150 - i. What are the prime factors of m?
11, 19
Suppose -7*j - 5 + 5 = 0. Suppose 5*r + 313 = 3*k, -3*k + 2*r - 6*r + 349 = j. Let a = k - 29. What are the prime factors of a?
2, 41
Suppose -24*l = -19*l - 10. Suppose 4*u - 112 = l*u. Let z = 92 - u. What are the prime factors of z?
2, 3
Suppose -14 - 13 = -3*u. Let x(j) = 16*j - 11. Let g be x(u). Suppose -23 = -5*q + 4*n + g, q - 35 = -3*n. What are the prime factors of q?
2
Suppose -10*r + r + 20124 = 0. List the prime factors of r/10 - (-3)/(15/2).
2, 7
Let v = 577 - 362. Let z = 169 + v. Suppose 5*k + z = -0*u + 3*u, 0 = -k - 3. List the prime factors of u.
3, 41
Suppose 2135*t = 2141*t - 208848. List the prime factors of t.
2, 19, 229
Let v be 6/(-3)*6/(-4). Suppose 0 = -v*s + 7*s - 8. Suppose -4*o = -s*o - 30. List the prime factors of o.
3, 5
Let m(u) = 2*u**2 - 20*u - 5. Let x be m(-8). Let o = 84 - -85. Let v = x - o. What are the prime factors of v?
2, 3, 19
Suppose y + 37 = 5*a, 39 = 5*a - 0*a - 2*y. Suppose 1699 = -a*i - 912. Let t = -182 - i. List the prime factors of t.
191
What are the prime factors of 10/20*(-9200)/(-4)?
2, 5, 23
List the prime factors of (101388/(-35) + -2)/(3/15*-2).
7247
Let u(b) = 20*b - 21. Let z(j) = 60*j - 62. Let r(i) = -14*u(i) + 4*z(i). What are the prime factors of r(-4)?
2, 103
Let d(n) = n**3 + 21*n**2 + 59*n + 20. Let q = -785 + 772. What are the prime factors of d(q)?
5, 11
Let y = 74 - 126. What are the prime factors of (-8)/y + 9144/52?
2, 11
Let n = 13908